j**3 + 19*j**2 - 2*j + 19. Determine m(v).
-19
Let o(y) = -8*y**2 + 7*y + 28. Let g(x) = 3*x**2 + x - 1. Let n(w) = -3*g(w) - o(w). Determine n(-3).
-4
Let l(j) = -2*j**3 + 10*j**2 + 7*j - 18. Let w(f) = -f**2 - 63*f - 387. Let d be w(-56). Give l(d).
17
Suppose 12 - 4 = -2*t - 2*q, 5*q = 5. Suppose -4*o + 7 = o - f, -15 = -5*f. Let s(d) = -d**3 - 1 + 5*d - 4*d**o + 7 + 0. Give s(t).
6
Suppose 0 = -7*x + 4*x + q - 1744, 0 = x + 4*q + 577. Let h = x - -580. Let y(c) = -28*c**2 + c + 1. Determine y(h).
-28
Suppose 2*l + 2*b - 178 = -3*l, 0 = 5*l - 2*b - 182. Let w(g) = -2*g**2 + l - 72 + 36 + 6*g. Suppose 4 = -4*y - 3*r + 29, 19 = 4*y + r. Calculate w(y).
-8
Let v(s) = -29*s + 32. Let b(o) = 25*o - 32. Let z(p) = 7*b(p) + 6*v(p). Let f(r) = -3*r + 32. Let g(y) = -2*f(y) - 3*z(y). Calculate g(-13).
-7
Suppose 0 = -2*i + 3*z - 11, 10*z + 1 = 3*i + 9*z. Let m(v) = -373*v + v**3 + 6*v**i + 3*v**3 + 366*v - 3*v**3 - 7. Give m(-7).
-7
Let d = -224 + 433. Let i(w) = -210*w**2 + d*w**2 + 3*w**3 + w - 2*w. Let m = -9 - -8. Determine i(m).
-3
Let y(c) = c**3 + 21*c**2 + 19*c - 6. Let h = 4965 - 4985. Give y(h).
14
Let c(h) = -737*h**2 + 4*h + 11. Let y(x) = -618*x**2 + 4*x + 10. Let m(z) = 5*c(z) - 6*y(z). Give m(-1).
22
Suppose s = -10*a + 9*a + 6, -2*a - 24 = -7*s. Let b(p) be the second derivative of 14*p + 1/6*p**s - 2*p**2 - 1/2*p**3 + 0. Give b(3).
5
Suppose 0 = -h + 79 + 215. Let j be 65/7 + (-7)/(h/12). Let y(d) = 11*d - j*d + 1 + 2*d. Give y(1).
5
Let r(t) = 38*t**2 + 22 + 2*t**3 - 216*t + 334*t - 115*t. Give r(-19).
-35
Let i be 110/20 + (-1)/2. Suppose 4*p - 27 = 2*p - i*w, 0 = w - 5. Let a(z) = -13*z + 1. Calculate a(p).
-12
Let j be (468/21)/((-1)/7). Let r = -164 - j. Let p(w) = -w**3 - 9*w**2 - 9*w - 12. Calculate p(r).
-4
Let s(y) = 20*y**3 - 16*y**2 - y - 102. Let p(a) = 10*a**3 - 9*a**2 - a - 58. Let g(b) = -7*p(b) + 4*s(b). What is g(1)?
10
Let w(f) be the first derivative of -4*f**3/3 - f**2 - f + 142. Let d(p) = 15*p**2 + 9*p + 4. Let q(l) = 2*d(l) + 9*w(l). Give q(1).
-7
Let u(v) = v**3 - 8*v**2 - 5*v + 34. Suppose 5*a - 6*d = 76, 320*d = -3*a + 319*d + 18. Determine u(a).
-6
Let c(k) = -8*k - 341. Let m(b) = -2*b**2 + 15*b + 50. Let p be m(-4). Determine c(p).
-5
Suppose -9*n - 50 = -4*n. Let l(w) be the first derivative of w**4/4 + 3*w**3 - 6*w**2 - 15*w + 161. Determine l(n).
5
Suppose 3*p = 4*u - 51, -4*u - 34 = 3*p - 103. Let r(q) = -140 - q**3 + 140 + u*q**3. What is r(1)?
14
Let w(s) = -s**2 + 5*s + 12. Suppose -36*o = 227 - 16 + 5. Calculate w(o).
-54
Let h(k) = k**2 + 2*k - 4. Let x = -14887 + 14891. Determine h(x).
20
Let s be (62/(-6) - 0)/(16/(-336)). Let i = -220 + s. Let m(x) be the third derivative of -x**4/4 - x**3/3 - 2*x**2. What is m(i)?
16
Let g(z) = 4*z + 6. Let u = 667 + -593. Suppose 73*s - 3 = u*s. Calculate g(s).
-6
Let g(a) = 2*a**3 - 5*a**2 - 2*a. Let x(m) = -m**2 + 28*m + 477. Let q be x(40). Give g(q).
-93
Let r(q) = -2*q**2 + 4*q - 1. Let v(o) = -o - 1. Let z(f) = 4*f**2 - 3*f + 4. Let w(k) = -4*v(k) - z(k). Let u(b) = 5*r(b) - 2*w(b). Calculate u(3).
-5
Let w be 1 - -3 - (2 + -1). Let u(o) = 6*o + 5 - 3 - 11*o**w - 2*o**2 + 10*o**3. Let x = 8 + -12. Give u(x).
10
Suppose 5*h - 3*d = 40, 3*h + 3*d + 24 = 6*h. Let s(p) be the first derivative of -p**2 + 7*p - 5010. Give s(h).
-9
Let k(p) = -p**3 + 16*p**2 - 29*p + 10. Let o be k(14). Let h be 4 - 2/1 - -2. Let s(u) = 1 + 4 - 4*u + 3*u**2 - h*u**2. Determine s(o).
5
Let j = -2945 + 2954. Let m(k) = -k**2 + 8*k - 12. What is m(j)?
-21
Let a = 2058 + -2062. Let o(v) = v**2 + 5*v + v - 5*v + 2 + 9*v. Calculate o(a).
-22
Suppose 186 + 114 = 30*j. Suppose 0 = 5*c + 9*s - 14*s + j, 0 = -5*c + 3*s - 2. Let t(v) be the third derivative of -v**4/12 - v**3/6 + 3*v**2. Give t(c).
-5
Let m(r) be the third derivative of -r**4/24 + r**3/6 - 5*r**2. Suppose 5*j - 4*c = 49, -3*j = -6*j - 3*c + 24. Give m(j).
-8
Let l(y) be the second derivative of -2*y**3/3 - 3*y**2/2 - 2*y + 176. Let o(r) = -r**3 - 7*r**2 - 5*r + 23. Let k be o(-5). Determine l(k).
5
Let v(l) = 5*l - 3 - 17*l + 8*l + 5*l + 8. Give v(2).
7
Let z(h) = -6*h + 4. Let p be 6 + (-5 - (-6)/(-12)) + 5/(-10). What is z(p)?
4
Let w(y) be the first derivative of -y**2 + 3*y - 640. Suppose 3 = 2*a - 1. Calculate w(a).
-1
Let c(a) = a**2 - 27*a - 36. Let n(g) = 27*g**2 - 30*g - 29. Let x be n(-1). What is c(x)?
-8
Let x = 15 - 30. Let h(k) = -37 + 14*k - 4*k**2 + 34 - 8*k**2 + 13*k**2. Give h(x).
12
Let i(f) = 5 - 3*f + 5*f + 2. Let g(q) = -q**3 - 34*q**2 + 457*q + 16165. Let k be g(-33). What is i(k)?
-3
Let c be (-126)/28 + 13 + (-2 - 0) + -6. Let s(v) be the second derivative of 1/6*v**3 + 0 + c*v**2 - 28*v. Determine s(0).
1
Let r(d) = 2*d - 4*d**2 + 5*d**2 + d - 3. Suppose 3*b = -5*j - 19, 48*b + 4 = 46*b + j. Give r(b).
-3
Let p = -18529 + 18543. Let h(j) = j**2 - 15*j + 33. Calculate h(p).
19
Suppose -5*j - 43 = -3*v, 42*v - 40*v - 7 = -j. Let p(a) = -2*a**3 - 5*a**2 + 5. Give p(j).
130
Let t(i) = -i - 14. Let k = 256 - 244. Let h be 3/((-4)/(256/k)) - -4. Calculate t(h).
-2
Let n(d) = -2*d + 1. Let m(l) = l**2 - 2*l + 3. Let f be m(1). Suppose 13*w = -7 - 6. Let i be -2*w/4*f. Calculate n(i).
-1
Let b(p) be the second derivative of 13*p**5/20 - 2*p**3/3 - 2*p**2 + 2*p - 349. Give b(-2).
-100
Let r(f) = -f**3 - f**2 - 3*f - 5. Let g be 6 + 78/(-14) + (-151)/(-7). Suppose 0 = -40*c + 51*c + g. What is r(c)?
5
Let a = -68718 + 110691. Let r(n) = 21*n - a - n**2 - 10*n + 41971. Give r(9).
16
Let x(k) = 133 + k**3 + 115 + 4*k**2 - 243 + 3*k. Give x(-2).
7
Let y(g) = 87*g**3 - 25*g**3 - 21*g**3 + g**2 - 17*g**3 - 23*g**3 + 1. Give y(-3).
-17
Let m = -781 - -449. Let f = 336 + m. Let a(s) = -s + 4. Give a(f).
0
Let x(z) = 936*z - 948*z - 44 - 117 + 30. Give x(-11).
1
Let d = -13711 + 13716. Let b(f) = -20*f**3 + f**2 - f + 5. Let u(a) = 7*a**3 - 2. Let z(w) = 6*b(w) + 17*u(w). Calculate z(d).
-9
Let h(f) = f**2 - 6*f + 15. Let c be h(3). Let z be 57/95*(-10)/9*c. Let r(g) = g**3 + 4*g**2. Give r(z).
0
Let y(k) = 17*k - 12. Let m(b) = -34*b + 20. Suppose 3*j - 3*n = 24, -3*n + 6 = 3*j - 0*n. Let h(x) = j*y(x) + 3*m(x). Calculate h(-1).
17
Let j(n) = 4*n**2 - 3*n**2 + n**2. Let d be (2 + -3)/((-5)/70). Suppose -16 + d = -2*k. What is j(k)?
2
Let k(t) = t**3 - t**2 + t + 1. Let z(h) = 7*h**3 - 11*h**2 + 7*h + 9. Let l(q) = 6*k(q) - z(q). Let y = 237 + -169. Let f = -63 + y. Determine l(f).
-8
Suppose o - 88 = -3*o. Let p be -1*1 + 180/(24/4). Let c = o - p. Let y(g) = -g**3 - 7*g**2 + g + 8. Determine y(c).
1
Let f(k) = 3*k + 9. Suppose 35*s + 577 = 4112. Suppose 16*m - 27 - s = 0. Determine f(m).
33
Let z be 108/(-90)*(0 - 5). Let r(d) = 16*d + 6 - 6*d - 8*d - d + 0. Determine r(z).
12
Let d(g) = 7*g + 13. Let o(v) be the first derivative of 5*v**2/2 + 13*v + 100. Let k(t) = 3*d(t) - 4*o(t). Calculate k(7).
-6
Suppose -1177 = 836*p + 3839. Let o(v) be the first derivative of -v**2/2 - 11*v + 1. Give o(p).
-5
Let j(b) = 77*b**3 + 13*b**2 - 18*b + 1 - 76*b**3 + 4*b. Let t = -163 - -149. What is j(t)?
1
Let m(o) be the first derivative of -o**5/30 + o**4/8 + o**3/6 + 42*o**2 + 78. Let f(g) be the second derivative of m(g). Determine f(3).
-8
Let t = 122 - 121. Let l(s) = t + 515*s - 513*s + 4 + 0. What is l(-9)?
-13
Let b(p) = -2*p - 8. Let n be (-26 + (-380)/(-15))/((-2)/(-45)). Calculate b(n).
22
Let f(g) = -5*g + 119. Let i be f(23). Let j(a) = a**3 + 6*a**2 - 8*a - 7. Let q be j(-7). Let w(h) = -h + h - 7*h + q*h + h**2. What is w(i)?
-12
Let g(q) be the second derivative of q**4/6 + 19*q**3/6 + 13*q**2/2 + 73*q. Let p be g(-9). Let c(t) = -11*t**2 - 1 + 1 + 12*t**2. Calculate c(p).
16
Let v be (-50)/(-10) + 2/(-1). Let m(t) = -25 + 48 - 7*t**2 - t**v + 2*t - 18. Calculate m(-7).
-9
Let r(h) = -2*h**3 - 40*h**2 + 13. Suppose -320 = 3*s - s + 14*s. Determine r(s).
13
Let z = 224 + -193. Suppose 147 = z*m - 8. Let b(x) = -x - 1. Give b(m).
-6
Let b(s) = -s**2 - 9*s + 4. Let y(i) = 2*i**3 - 19*i**2 - i - 5. Let n be y(10). Suppose -5*v - 4*t + 437 = -25, 4*v - 374 = -t. Let r = n - v. Calculate b(r).
4
Suppose 4*o = 3*t + 21, -564*t - o = -567*t + 6. Let l(n) = -10*n + 48. Calculate l(t).
-2
Suppose 11*n = 1424 - 93. Let s = n - 123. Let v(k) = 5*k + 1. Give v(s).
-9
Let x be 12/66*11/1. Let f(a) = -5 + 3*a + 4 - 1